{"id":4977,"date":"2025-08-14T11:30:06","date_gmt":"2025-08-14T09:30:06","guid":{"rendered":"https:\/\/esm-vb.com\/?page_id=4977"},"modified":"2025-09-11T10:52:05","modified_gmt":"2025-09-11T08:52:05","slug":"inscriptions-2025-2026","status":"publish","type":"page","link":"https:\/\/esm-vb.com\/?page_id=4977","title":{"rendered":"Inscriptions 2025-2026"},"content":{"rendered":"\n<p>Vous trouverez ci-dessous, les tarifs et les documents n\u00e9cessaires \u00e0 votre inscription.<\/p>\n\n\n\n<p>Vous h\u00e9sitez ou vous avez des questions&nbsp;? Ecrivez nous ! <a href=\"mailto:esmassy.volley@gmail.com\">esmassy.volley@gmail.com<\/a><\/p>\n\n\n\n<p>IMPORTANT:  En vous inscrivant, vous adh\u00e9rez aux principes d\u00e9finis dans notre <strong>charte<\/strong>.<\/p>\n\n\n<a href=\"https:\/\/esm-vb.com\/wp-content\/uploads\/2025\/08\/Charte-2025-2.docx.pdf\" class=\"pdfemb-viewer\" style=\"\" data-width=\"max\" data-height=\"max\" data-toolbar=\"bottom\" data-toolbar-fixed=\"off\">Charte-2025-2.docx<\/a>\n\n\n<p>Pour rappel, les cr\u00e9neaux sont disponibles ici : <a href=\"https:\/\/esm-vb.com\/?page_id=4983\" data-type=\"page\" data-id=\"4983\">Les cr\u00e9neaux<\/a><\/p>\n\n\n\n<figure class=\"wp-block-image size-large\"><a href=\"https:\/\/esm-vb.com\/wp-content\/uploads\/2025\/08\/image-18.png\"><img loading=\"lazy\" decoding=\"async\" width=\"1024\" height=\"106\" src=\"https:\/\/esm-vb.com\/wp-content\/uploads\/2025\/08\/image-18-1024x106.png\" alt=\"\" class=\"wp-image-5003\" srcset=\"https:\/\/esm-vb.com\/wp-content\/uploads\/2025\/08\/image-18-1024x106.png 1024w, https:\/\/esm-vb.com\/wp-content\/uploads\/2025\/08\/image-18-300x31.png 300w, https:\/\/esm-vb.com\/wp-content\/uploads\/2025\/08\/image-18-768x80.png 768w, https:\/\/esm-vb.com\/wp-content\/uploads\/2025\/08\/image-18-1536x159.png 1536w, https:\/\/esm-vb.com\/wp-content\/uploads\/2025\/08\/image-18-2048x212.png 2048w\" sizes=\"auto, (max-width: 1024px) 100vw, 1024px\" \/><\/a><\/figure>\n\n\n\n<figure class=\"wp-block-image size-large\"><a href=\"https:\/\/esm-vb.com\/wp-content\/uploads\/2025\/08\/image-19.png\"><img loading=\"lazy\" decoding=\"async\" width=\"1024\" height=\"386\" src=\"https:\/\/esm-vb.com\/wp-content\/uploads\/2025\/08\/image-19-1024x386.png\" alt=\"\" class=\"wp-image-5006\" srcset=\"https:\/\/esm-vb.com\/wp-content\/uploads\/2025\/08\/image-19-1024x386.png 1024w, https:\/\/esm-vb.com\/wp-content\/uploads\/2025\/08\/image-19-300x113.png 300w, https:\/\/esm-vb.com\/wp-content\/uploads\/2025\/08\/image-19-768x290.png 768w, https:\/\/esm-vb.com\/wp-content\/uploads\/2025\/08\/image-19-1536x579.png 1536w, https:\/\/esm-vb.com\/wp-content\/uploads\/2025\/08\/image-19.png 1737w\" sizes=\"auto, (max-width: 1024px) 100vw, 1024px\" \/><\/a><\/figure>\n\n\n\n<figure class=\"wp-block-image size-large\"><a href=\"https:\/\/esm-vb.com\/wp-content\/uploads\/2025\/08\/image-20.png\"><img loading=\"lazy\" decoding=\"async\" width=\"1024\" height=\"135\" src=\"https:\/\/esm-vb.com\/wp-content\/uploads\/2025\/08\/image-20-1024x135.png\" alt=\"\" class=\"wp-image-5007\" srcset=\"https:\/\/esm-vb.com\/wp-content\/uploads\/2025\/08\/image-20-1024x135.png 1024w, https:\/\/esm-vb.com\/wp-content\/uploads\/2025\/08\/image-20-300x39.png 300w, https:\/\/esm-vb.com\/wp-content\/uploads\/2025\/08\/image-20-768x101.png 768w, https:\/\/esm-vb.com\/wp-content\/uploads\/2025\/08\/image-20-1536x202.png 1536w, https:\/\/esm-vb.com\/wp-content\/uploads\/2025\/08\/image-20-2048x269.png 2048w\" sizes=\"auto, (max-width: 1024px) 100vw, 1024px\" \/><\/a><\/figure>\n\n\n\n<figure class=\"wp-block-image size-large\"><a href=\"https:\/\/esm-vb.com\/wp-content\/uploads\/2025\/08\/image-21.png\"><img loading=\"lazy\" decoding=\"async\" width=\"1024\" height=\"376\" src=\"https:\/\/esm-vb.com\/wp-content\/uploads\/2025\/08\/image-21-1024x376.png\" alt=\"\" class=\"wp-image-5008\" srcset=\"https:\/\/esm-vb.com\/wp-content\/uploads\/2025\/08\/image-21-1024x376.png 1024w, https:\/\/esm-vb.com\/wp-content\/uploads\/2025\/08\/image-21-300x110.png 300w, https:\/\/esm-vb.com\/wp-content\/uploads\/2025\/08\/image-21-768x282.png 768w, https:\/\/esm-vb.com\/wp-content\/uploads\/2025\/08\/image-21-1536x563.png 1536w, https:\/\/esm-vb.com\/wp-content\/uploads\/2025\/08\/image-21.png 1737w\" sizes=\"auto, (max-width: 1024px) 100vw, 1024px\" \/><\/a><figcaption class=\"wp-element-caption\"><em>* le forfait famille ne s\u2019applique que pour la section M9 et M11. Il permet aux parents de pratiquer avec leurs enfants pendant les s\u00e9ances<\/em><\/figcaption><\/figure>\n\n\n\n<h1 class=\"wp-block-heading\"><mark style=\"background-color:rgba(0, 0, 0, 0)\" class=\"has-inline-color has-vivid-cyan-blue-color\">Assurance<\/mark><\/h1>\n\n\n\n<p>Notre club est affili\u00e9 \u00e0 la&nbsp;<a href=\"http:\/\/www.ffvb.org\/front\/index.php?lvlid=1\"><em>F\u00e9d\u00e9ration Fran\u00e7aise de Volley-Ball<\/em><\/a>&nbsp;(Sections S\u00e9niors Comp\u00e9tition et Ecole de Volley) ou \u00e0 l\u2019<a href=\"http:\/\/ctd.ufolep91-volley.org\/\"><em>UFOLEP<\/em><\/a>&nbsp;(Section Loisirs Comp\u00e9tition 4\u00d74).<br>Toute inscription \u00e0 une section de comp\u00e9tition ou \u00e0 l\u2019Ecole de Volley comprend une licence. Ainsi,&nbsp;<strong>tous les adh\u00e9rents du club sont donc assur\u00e9s par le biais de l\u2019assurance de leur licence, en compl\u00e9ment de leur assurance personnelle<\/strong>.<br>Pour plus d\u2019information sur la couverture de cette assurance nous vous invitons \u00e0 consulter le site de la f\u00e9d\u00e9ration.<\/p>\n\n\n\n<p>Les adh\u00e9rents de la section Loisir sont couverts par une assurance ind\u00e9pendante.<\/p>\n\n\n\n<figure class=\"wp-block-image size-large\"><a href=\"https:\/\/esm-vb.com\/wp-content\/uploads\/2025\/08\/image-23-scaled.png\"><img loading=\"lazy\" decoding=\"async\" width=\"1024\" height=\"106\" src=\"https:\/\/esm-vb.com\/wp-content\/uploads\/2025\/08\/image-23-1024x106.png\" alt=\"\" class=\"wp-image-5010\" srcset=\"https:\/\/esm-vb.com\/wp-content\/uploads\/2025\/08\/image-23-1024x106.png 1024w, https:\/\/esm-vb.com\/wp-content\/uploads\/2025\/08\/image-23-300x31.png 300w, https:\/\/esm-vb.com\/wp-content\/uploads\/2025\/08\/image-23-768x79.png 768w, https:\/\/esm-vb.com\/wp-content\/uploads\/2025\/08\/image-23-1536x159.png 1536w, https:\/\/esm-vb.com\/wp-content\/uploads\/2025\/08\/image-23-2048x211.png 2048w\" sizes=\"auto, (max-width: 1024px) 100vw, 1024px\" \/><\/a><\/figure>\n\n\n\n<p><strong><mark style=\"background-color:rgba(0, 0, 0, 0)\" class=\"has-inline-color has-vivid-red-color\">LA SECTION EST COMPLETE<\/mark><\/strong><\/p>\n\n\n\n<p>Pour la section loisirs adultes, les inscriptions se font \u00e0 l&rsquo;aide d&rsquo;un formulaire sur internet. Celui-ci sera diffus\u00e9 \u00e0 la rentr\u00e9e par les responsables de section.<\/p>\n\n\n\n<p>Seuls les joueurs ayant pris contact avec le bureau et les responsables de la section loisirs seront accept\u00e9s. Le remplissage du formulaire ne garantit donc pas une place dans la section. <\/p>\n\n\n\n<p>L&rsquo;inscription sera effective seulement apr\u00e8s validation du paiement aupr\u00e8s des responsables de la section.<\/p>\n\n\n\n<p><strong><mark style=\"background-color:rgba(0, 0, 0, 0)\" class=\"has-inline-color has-black-color\">DATE LIMITE DES RENDUS DES DOSSIERS COMPLETS: 17 OCTOBRE 2025<\/mark><\/strong><\/p>\n\n\n\n<figure class=\"wp-block-image size-large\"><a href=\"https:\/\/esm-vb.com\/wp-content\/uploads\/2025\/08\/image-36.png\"><img loading=\"lazy\" decoding=\"async\" width=\"1024\" height=\"154\" src=\"https:\/\/esm-vb.com\/wp-content\/uploads\/2025\/08\/image-36-1024x154.png\" alt=\"\" class=\"wp-image-5221\" srcset=\"https:\/\/esm-vb.com\/wp-content\/uploads\/2025\/08\/image-36-1024x154.png 1024w, https:\/\/esm-vb.com\/wp-content\/uploads\/2025\/08\/image-36-300x45.png 300w, https:\/\/esm-vb.com\/wp-content\/uploads\/2025\/08\/image-36-768x115.png 768w, https:\/\/esm-vb.com\/wp-content\/uploads\/2025\/08\/image-36-1536x231.png 1536w, https:\/\/esm-vb.com\/wp-content\/uploads\/2025\/08\/image-36-2048x308.png 2048w\" sizes=\"auto, (max-width: 1024px) 100vw, 1024px\" \/><\/a><\/figure>\n\n\n\n<p>En ce qui concerne les \u00e9quipes UFOLEP, les inscriptions se feront aupr\u00e8s de vos responsables UFOLEP. <\/p>\n\n\n\n<p>Le formulaire vous sera remis au cours des premi\u00e8res s\u00e9ances de rentr\u00e9e. <\/p>\n\n\n\n<p>Il vous sera possible de r\u00e9gler par ch\u00e8que, esp\u00e8ces ou CB (payement unique). Un lien Hello Asso vous sera communiqu\u00e9 sur demande.<\/p>\n\n\n\n<figure class=\"wp-block-image size-large\"><a href=\"https:\/\/esm-vb.com\/wp-content\/uploads\/2025\/08\/image-24.png\"><img loading=\"lazy\" decoding=\"async\" width=\"1024\" height=\"208\" src=\"https:\/\/esm-vb.com\/wp-content\/uploads\/2025\/08\/image-24-1024x208.png\" alt=\"\" class=\"wp-image-5011\" srcset=\"https:\/\/esm-vb.com\/wp-content\/uploads\/2025\/08\/image-24-1024x208.png 1024w, https:\/\/esm-vb.com\/wp-content\/uploads\/2025\/08\/image-24-300x61.png 300w, https:\/\/esm-vb.com\/wp-content\/uploads\/2025\/08\/image-24-768x156.png 768w, https:\/\/esm-vb.com\/wp-content\/uploads\/2025\/08\/image-24-1536x313.png 1536w, https:\/\/esm-vb.com\/wp-content\/uploads\/2025\/08\/image-24-2048x417.png 2048w\" sizes=\"auto, (max-width: 1024px) 100vw, 1024px\" \/><\/a><\/figure>\n\n\n\n<p>Les inscriptions se font d\u00e9sormais via le site \u00ab\u00a0MyFFvolley\u00a0\u00bb. Vous trouverez les instructions d\u00e9taill\u00e9es sur le lien suivant:<\/p>\n\n\n\n<figure class=\"wp-block-embed is-type-wp-embed is-provider-entente-sportive-de-massy-section-volley wp-block-embed-entente-sportive-de-massy-section-volley\"><div class=\"wp-block-embed__wrapper\">\n<blockquote class=\"wp-embedded-content\" data-secret=\"2m6cFWfhBY\"><a href=\"https:\/\/esm-vb.com\/?p=4857\">Modalit\u00e9s d&rsquo;inscription 2025-2026 \/ MyFFvolley \/ Adultes Comp\u00e9tition &#8211; Ecole de volley<\/a><\/blockquote><iframe loading=\"lazy\" class=\"wp-embedded-content\" sandbox=\"allow-scripts\" security=\"restricted\" style=\"position: absolute; visibility: hidden;\" title=\"\u00ab\u00a0Modalit\u00e9s d&rsquo;inscription 2025-2026 \/ MyFFvolley \/ Adultes Comp\u00e9tition &#8211; Ecole de volley\u00a0\u00bb &#8212; Entente Sportive de Massy - Section Volley\" src=\"https:\/\/esm-vb.com\/?p=4857&#038;embed=true#?secret=oqtZ8V1Uqf#?secret=2m6cFWfhBY\" data-secret=\"2m6cFWfhBY\" width=\"600\" height=\"338\" frameborder=\"0\" marginwidth=\"0\" marginheight=\"0\" scrolling=\"no\"><\/iframe>\n<\/div><\/figure>\n\n\n\n<p>(1) Cr\u00e9er votre espace MyFFVolley et inscrivez vous dans l&rsquo;\u00e9quipe de votre choix (cf: tutoriel). Merci de sp\u00e9cifier \u00e0 votre coach votre modalit\u00e9 de payement.<br><br>(2) Une fois votre dossier et r\u00e9glement valid\u00e9, votre licence est cr\u00e9\u00e9e.<br>Tous les r\u00e9glements par ch\u00e8ques, esp\u00e8ce et coupons sport \/ CE etc sont \u00e0 remettre imp\u00e9rativement et rapidement \u00e0 votre coach.<br><em>A partir de la&nbsp;<strong>reprise des entrainements, ne seront accept\u00e9s que les dossiers COMPLETS et REGLES, au plus tard \u00e0 la 2\u00e8me s\u00e9ance avant de se voir refuser l\u2019acc\u00e8s au gymnase<\/strong>. Si impossibilit\u00e9 de fournir un dossier complet pour diverses raisons, merci de vous rapprocher des responsables de section et\/ou du Bureau.<\/em><\/p>\n\n\n\n<p>A ce jour, pour les adultes, le certificat m\u00e9dical n&rsquo;est plus obligatoire \u00e0 condition d&rsquo;avoir r\u00e9pondu au questionnaire de sant\u00e9. <\/p>\n\n\n\n<p>Pour les \u00e9quipes S\u00e9niors, un ch\u00e8que de caution est obligatoirement demand\u00e9 pour le maillot de match. Le ch\u00e8que sera d\u00e9truit \u00e0 l&rsquo;issu de la saison sous r\u00e9serve d&rsquo;avoir r\u00e9cup\u00e9rer le-dit maillot.<\/p>\n\n\n\n<p><strong><mark style=\"background-color:rgba(0, 0, 0, 0)\" class=\"has-inline-color has-vivid-red-color\">DATE LIMITE DES RENDUS DES DOSSIERS COMPLETS:<\/mark><\/strong><br><strong><mark style=\"background-color:rgba(0, 0, 0, 0)\" class=\"has-inline-color has-vivid-red-color\">Seniors : 19 septembre 2025<br>Ufolep : 25 septembre<\/mark><\/strong> <strong><mark style=\"background-color:rgba(0, 0, 0, 0)\" class=\"has-inline-color has-vivid-red-color\">2025<\/mark><\/strong><\/p>\n\n\n\n<figure class=\"wp-block-image size-large\"><a href=\"https:\/\/esm-vb.com\/wp-content\/uploads\/2025\/08\/image-25-scaled.png\"><img loading=\"lazy\" decoding=\"async\" width=\"1024\" height=\"190\" src=\"https:\/\/esm-vb.com\/wp-content\/uploads\/2025\/08\/image-25-1024x190.png\" alt=\"\" class=\"wp-image-5016\" srcset=\"https:\/\/esm-vb.com\/wp-content\/uploads\/2025\/08\/image-25-1024x190.png 1024w, https:\/\/esm-vb.com\/wp-content\/uploads\/2025\/08\/image-25-300x56.png 300w, https:\/\/esm-vb.com\/wp-content\/uploads\/2025\/08\/image-25-768x142.png 768w, https:\/\/esm-vb.com\/wp-content\/uploads\/2025\/08\/image-25-1536x284.png 1536w, https:\/\/esm-vb.com\/wp-content\/uploads\/2025\/08\/image-25-2048x379.png 2048w\" sizes=\"auto, (max-width: 1024px) 100vw, 1024px\" \/><\/a><\/figure>\n\n\n\n<p>Les inscriptions se font d\u00e9sormais via le site \u00ab\u00a0MyFFvolley\u00a0\u00bb. Vous trouverez les instructions sur le lien suivant: <\/p>\n\n\n\n<figure class=\"wp-block-embed is-type-wp-embed is-provider-entente-sportive-de-massy-section-volley wp-block-embed-entente-sportive-de-massy-section-volley\"><div class=\"wp-block-embed__wrapper\">\n<blockquote class=\"wp-embedded-content\" data-secret=\"kc8Q1y65av\"><a href=\"https:\/\/esm-vb.com\/?page_id=4904\">EDV &#8211; Inscriptions<\/a><\/blockquote><iframe loading=\"lazy\" class=\"wp-embedded-content\" sandbox=\"allow-scripts\" security=\"restricted\" style=\"position: absolute; visibility: hidden;\" title=\"\u00ab\u00a0EDV &#8211; Inscriptions\u00a0\u00bb &#8212; Entente Sportive de Massy - Section Volley\" src=\"https:\/\/esm-vb.com\/?page_id=4904&#038;embed=true#?secret=1IjkIKPRF0#?secret=kc8Q1y65av\" data-secret=\"kc8Q1y65av\" width=\"600\" height=\"338\" frameborder=\"0\" marginwidth=\"0\" marginheight=\"0\" scrolling=\"no\"><\/iframe>\n<\/div><\/figure>\n\n\n\n<p><strong><mark style=\"background-color:rgba(0, 0, 0, 0)\" class=\"has-inline-color has-vivid-red-color\">DATE LIMITE DES RENDUS DES DOSSIERS COMPLETS:<\/mark><\/strong>  <strong><mark style=\"background-color:rgba(0, 0, 0, 0)\" class=\"has-inline-color has-vivid-red-color\">6 octobre 2025<\/mark><\/strong><\/p>\n\n\n\n<p><\/p>\n\n\n\n<p><\/p>\n\n\n\n<p><\/p>\n\n\n\n<pre class=\"wp-block-preformatted\"><strong>Le r\u00e8glement de la cotisation :<\/strong><br><br>\u2022 <strong>Ch\u00e8que<\/strong> du montant correspondant \u00e0 la section choisie (\u00e0 l\u2019ordre de l\u2019ESM Volley-Ball) ; <strong>Ch\u00e8ques vacances<\/strong> (se rapprocher d\u2019un membre du Bureau) ; <strong>Coupons Sport<\/strong> (se rapprocher d\u2019un membre du Bureau); <strong>Esp\u00e8ces<\/strong> (se rapprocher d\u2019un membre du Bureau)<br><br>\u2022 Les ch\u00e8ques de caution de maillot et de caution de mutation pour les sections SENIORS COMPETITION uniquement ;<br><br>\u2022 Une photocopie de la Carte Nationale d\u2019Identit\u00e9 ou du Passeport ou de la Carte de S\u00e9jour en cours de validit\u00e9 ;<br><br>\u2022 Une photo d\u2019identit\u00e9 pour la licence.<\/pre>\n","protected":false},"excerpt":{"rendered":"<p>Vous trouverez ci-dessous, les tarifs et les documents n\u00e9cessaires \u00e0 votre inscription. Vous h\u00e9sitez ou vous avez des questions&nbsp;? Ecrivez nous ! esmassy.volley@gmail.com IMPORTANT: En vous inscrivant, vous adh\u00e9rez aux principes d\u00e9finis dans notre charte. Pour rappel, les cr\u00e9neaux sont disponibles ici : Les cr\u00e9neaux Assurance Notre club est affili\u00e9 \u00e0 la&nbsp;F\u00e9d\u00e9ration Fran\u00e7aise de Volley-Ball&nbsp;(Sections<\/p>\n<div class=\"read-more\"><a href=\"https:\/\/esm-vb.com\/?page_id=4977\" title=\"Read More\">Read More<\/a><\/div>\n","protected":false},"author":18,"featured_media":0,"parent":0,"menu_order":0,"comment_status":"closed","ping_status":"closed","template":"","meta":{"_exactmetrics_skip_tracking":false,"_exactmetrics_sitenote_active":false,"_exactmetrics_sitenote_note":"","_exactmetrics_sitenote_category":0,"footnotes":""},"class_list":["post-4977","page","type-page","status-publish"],"_links":{"self":[{"href":"https:\/\/esm-vb.com\/index.php?rest_route=\/wp\/v2\/pages\/4977","targetHints":{"allow":["GET"]}}],"collection":[{"href":"https:\/\/esm-vb.com\/index.php?rest_route=\/wp\/v2\/pages"}],"about":[{"href":"https:\/\/esm-vb.com\/index.php?rest_route=\/wp\/v2\/types\/page"}],"author":[{"embeddable":true,"href":"https:\/\/esm-vb.com\/index.php?rest_route=\/wp\/v2\/users\/18"}],"replies":[{"embeddable":true,"href":"https:\/\/esm-vb.com\/index.php?rest_route=%2Fwp%2Fv2%2Fcomments&post=4977"}],"version-history":[{"count":17,"href":"https:\/\/esm-vb.com\/index.php?rest_route=\/wp\/v2\/pages\/4977\/revisions"}],"predecessor-version":[{"id":5263,"href":"https:\/\/esm-vb.com\/index.php?rest_route=\/wp\/v2\/pages\/4977\/revisions\/5263"}],"wp:attachment":[{"href":"https:\/\/esm-vb.com\/index.php?rest_route=%2Fwp%2Fv2%2Fmedia&parent=4977"}],"curies":[{"name":"wp","href":"https:\/\/api.w.org\/{rel}","templated":true}]}}