{"id":3242,"date":"2019-08-13T20:53:09","date_gmt":"2019-08-13T20:53:09","guid":{"rendered":"http:\/\/esm-vb.com\/?page_id=3242"},"modified":"2025-09-18T11:54:33","modified_gmt":"2025-09-18T09:54:33","slug":"les-seniors-feminines-2","status":"publish","type":"page","link":"https:\/\/esm-vb.com\/?page_id=3242","title":{"rendered":"Les Seniors F\u00e9minines 2"},"content":{"rendered":"\n<figure class=\"wp-block-image size-large\"><a href=\"http:\/\/esm-vb.com\/wp-content\/uploads\/2025\/09\/WhatsApp-Image-2025-09-17-at-09.58.15.jpeg\"><img loading=\"lazy\" decoding=\"async\" width=\"1024\" height=\"768\" src=\"http:\/\/esm-vb.com\/wp-content\/uploads\/2025\/09\/WhatsApp-Image-2025-09-17-at-09.58.15-1024x768.jpeg\" alt=\"\" class=\"wp-image-5267\" srcset=\"https:\/\/esm-vb.com\/wp-content\/uploads\/2025\/09\/WhatsApp-Image-2025-09-17-at-09.58.15-1024x768.jpeg 1024w, https:\/\/esm-vb.com\/wp-content\/uploads\/2025\/09\/WhatsApp-Image-2025-09-17-at-09.58.15-300x225.jpeg 300w, https:\/\/esm-vb.com\/wp-content\/uploads\/2025\/09\/WhatsApp-Image-2025-09-17-at-09.58.15-768x576.jpeg 768w, https:\/\/esm-vb.com\/wp-content\/uploads\/2025\/09\/WhatsApp-Image-2025-09-17-at-09.58.15-1536x1152.jpeg 1536w, https:\/\/esm-vb.com\/wp-content\/uploads\/2025\/09\/WhatsApp-Image-2025-09-17-at-09.58.15.jpeg 1600w\" sizes=\"auto, (max-width: 1024px) 100vw, 1024px\" \/><\/a><figcaption class=\"wp-element-caption\"><em>SF2 &#8211; 2025\/2026<\/em><\/figcaption><\/figure>\n\n\n\n<h2 class=\"wp-block-heading\">C&rsquo;est la rentr\u00e9e !<\/h2>\n\n\n\n<blockquote class=\"wp-block-quote is-layout-flow wp-block-quote-is-layout-flow\">\n<p>Rentr\u00e9e le <strong>jeudi 2 septembre 2025, 20h30 au gymnase de Jean Moulin<\/strong> pour la reprise.<\/p>\n<\/blockquote>\n\n\n\n<h2 class=\"wp-block-heading\">L&rsquo;\u00e9quipe<\/h2>\n\n\n\n<div class=\"wp-block-group\"><div class=\"wp-block-group__inner-container is-layout-constrained wp-block-group-is-layout-constrained\">\n<p class=\"has-text-align-left\"><mark style=\"background-color:rgba(0, 0, 0, 0);color:#eb0b43\" class=\"has-inline-color\">Les SF2 sont de retour pour une nouvelle saison et de nouvelles ambitions&nbsp;!<\/mark><br><br>Apr\u00e8s 2 saisons o\u00f9 elles terminent dans la 1 \u00e8re moiti\u00e9 de classement les <em><strong><mark style=\"background-color:rgba(0, 0, 0, 0)\" class=\"has-inline-color has-vivid-purple-color\">BADASS<\/mark><\/strong><\/em>, comme<br>elles aiment se faire appeler, visent le podium et pourquoi pas une mont\u00e9e en r\u00e9gion.<br><br><em>Mais qui sont elles&nbsp;?<\/em><br><em><br><\/em><strong><mark style=\"background-color:rgba(0, 0, 0, 0);color:#cf2d90\" class=\"has-inline-color\">Avant tout ce sont des amies que le volley r\u00e9uni.<\/mark><\/strong><br><br>Entre apprentissage et performance, les SF2 regroupent une team de joueuses qui s\u2019est<br>affin\u00e9e au cours des saisons et a appris au travers des victoires mais aussi des d\u00e9faites.<br><br>Cette \u00e9quipe est compos\u00e9e \u00e0 la fois de joueuses aguerries mais aussi de jeunes joueuses<br>issues de la formation de l\u2019Ecole de volley du club.<\/p>\n<\/div><\/div>\n\n\n\n<h2 class=\"wp-block-heading has-text-align-center\"><strong>Le maitre mot de cette \u00e9quipe&nbsp;: Tout donner et ne rien regretter<\/strong><\/h2>\n\n\n\n<figure class=\"wp-block-gallery has-nested-images columns-default is-cropped wp-block-gallery-1 is-layout-flex wp-block-gallery-is-layout-flex\">\n<figure class=\"wp-block-image size-large\"><img loading=\"lazy\" decoding=\"async\" width=\"1024\" height=\"768\" data-id=\"5177\" src=\"https:\/\/esm-vb.com\/wp-content\/uploads\/2025\/08\/WhatsApp-Image-2025-08-17-at-14.27.53-1024x768.jpeg\" alt=\"\" class=\"wp-image-5177\" srcset=\"https:\/\/esm-vb.com\/wp-content\/uploads\/2025\/08\/WhatsApp-Image-2025-08-17-at-14.27.53-1024x768.jpeg 1024w, https:\/\/esm-vb.com\/wp-content\/uploads\/2025\/08\/WhatsApp-Image-2025-08-17-at-14.27.53-300x225.jpeg 300w, https:\/\/esm-vb.com\/wp-content\/uploads\/2025\/08\/WhatsApp-Image-2025-08-17-at-14.27.53-768x576.jpeg 768w, https:\/\/esm-vb.com\/wp-content\/uploads\/2025\/08\/WhatsApp-Image-2025-08-17-at-14.27.53-1536x1152.jpeg 1536w, https:\/\/esm-vb.com\/wp-content\/uploads\/2025\/08\/WhatsApp-Image-2025-08-17-at-14.27.53.jpeg 2000w\" sizes=\"auto, (max-width: 1024px) 100vw, 1024px\" \/><figcaption class=\"wp-element-caption\">Les joueuses SF2 2019-2020<\/figcaption><\/figure>\n<\/figure>\n\n\n\n<p><\/p>\n","protected":false},"excerpt":{"rendered":"<p>C&rsquo;est la rentr\u00e9e ! Rentr\u00e9e le jeudi 2 septembre 2025, 20h30 au gymnase de Jean Moulin pour la reprise. L&rsquo;\u00e9quipe Les SF2 sont de retour pour une nouvelle saison et de nouvelles ambitions&nbsp;! Apr\u00e8s 2 saisons o\u00f9 elles terminent dans la 1 \u00e8re moiti\u00e9 de classement les BADASS, commeelles aiment se faire appeler, visent le<\/p>\n<div class=\"read-more\"><a href=\"https:\/\/esm-vb.com\/?page_id=3242\" title=\"Read More\">Read More<\/a><\/div>\n","protected":false},"author":16,"featured_media":0,"parent":0,"menu_order":0,"comment_status":"closed","ping_status":"closed","template":"","meta":{"_exactmetrics_skip_tracking":false,"_exactmetrics_sitenote_active":false,"_exactmetrics_sitenote_note":"","_exactmetrics_sitenote_category":0,"footnotes":""},"class_list":["post-3242","page","type-page","status-publish"],"_links":{"self":[{"href":"https:\/\/esm-vb.com\/index.php?rest_route=\/wp\/v2\/pages\/3242","targetHints":{"allow":["GET"]}}],"collection":[{"href":"https:\/\/esm-vb.com\/index.php?rest_route=\/wp\/v2\/pages"}],"about":[{"href":"https:\/\/esm-vb.com\/index.php?rest_route=\/wp\/v2\/types\/page"}],"author":[{"embeddable":true,"href":"https:\/\/esm-vb.com\/index.php?rest_route=\/wp\/v2\/users\/16"}],"replies":[{"embeddable":true,"href":"https:\/\/esm-vb.com\/index.php?rest_route=%2Fwp%2Fv2%2Fcomments&post=3242"}],"version-history":[{"count":19,"href":"https:\/\/esm-vb.com\/index.php?rest_route=\/wp\/v2\/pages\/3242\/revisions"}],"predecessor-version":[{"id":5270,"href":"https:\/\/esm-vb.com\/index.php?rest_route=\/wp\/v2\/pages\/3242\/revisions\/5270"}],"wp:attachment":[{"href":"https:\/\/esm-vb.com\/index.php?rest_route=%2Fwp%2Fv2%2Fmedia&parent=3242"}],"curies":[{"name":"wp","href":"https:\/\/api.w.org\/{rel}","templated":true}]}}