{"id":170,"date":"2015-05-21T01:20:15","date_gmt":"2015-05-21T01:20:15","guid":{"rendered":"http:\/\/esm-volley.fr\/wordpress\/?page_id=170"},"modified":"2025-08-14T20:06:50","modified_gmt":"2025-08-14T18:06:50","slug":"le-tournoi-volley-on-airbe","status":"publish","type":"page","link":"https:\/\/esm-vb.com\/?page_id=170","title":{"rendered":"Le Tournoi Volley On Air&rsquo;be"},"content":{"rendered":"\n<p>Cet \u00e9v\u00e9nement \u00e9tait voulu par les membres du bureau depuis de nombreuses ann\u00e9es mais n&rsquo;avait pas r\u00e9ussi \u00e0 aboutir, principalement \u00e0 cause des difficult\u00e9s dans l&rsquo;organisation avec les services de la mairie (lieu et date de la manifestation non compatibles avec les besoins d&rsquo;un tel tournoi).<\/p>\n\n\n\n<p>Un accord ayant pu \u00eatre trouv\u00e9, les membres du bureau ont relev\u00e9 le d\u00e9fi de ce type de tournoi fort de leur exp\u00e9rience acquise lors du tournoi interne de Massy : Le <strong>\u00a0\u00bb Volley On Air&rsquo;Be\u00a0\u00bb<\/strong>&nbsp; a \u00e9t\u00e9 lanc\u00e9, et la <a href=\"?p=311\">premi\u00e8re \u00e9dition de ce tournoi<\/a> estival sur herbe a eu lieu en 2014.<\/p>\n\n\n\n<p>Le <strong>\u00a0\u00bb Volley On Air&rsquo;Be\u00a0\u00bb<\/strong> permet d&rsquo;accueillir jusqu&rsquo;\u00e0 32 \u00e9quipes sur 10 terrains \u00e0 la prairie de Massy.<\/p>\n\n\n\n<p>Avec les ann\u00e9es, ce tournoi est devenu incontournable dans la r\u00e9gion! Et la bonne humeur est toujours au rendez-vous.&nbsp;<\/p>\n\n\n\n<figure class=\"wp-block-gallery has-nested-images columns-default is-cropped wp-block-gallery-1 is-layout-flex wp-block-gallery-is-layout-flex\">\n<figure class=\"wp-block-image size-large\"><a href=\"https:\/\/esm-vb.com\/wp-content\/uploads\/2025\/08\/pdOpVosU-scaled.jpeg\"><img loading=\"lazy\" decoding=\"async\" width=\"1024\" height=\"687\" data-id=\"5111\" src=\"https:\/\/esm-vb.com\/wp-content\/uploads\/2025\/08\/pdOpVosU-1024x687.jpeg\" alt=\"\" class=\"wp-image-5111\" srcset=\"https:\/\/esm-vb.com\/wp-content\/uploads\/2025\/08\/pdOpVosU-1024x687.jpeg 1024w, https:\/\/esm-vb.com\/wp-content\/uploads\/2025\/08\/pdOpVosU-300x201.jpeg 300w, https:\/\/esm-vb.com\/wp-content\/uploads\/2025\/08\/pdOpVosU-768x516.jpeg 768w, https:\/\/esm-vb.com\/wp-content\/uploads\/2025\/08\/pdOpVosU-1536x1031.jpeg 1536w, https:\/\/esm-vb.com\/wp-content\/uploads\/2025\/08\/pdOpVosU-2048x1375.jpeg 2048w\" sizes=\"auto, (max-width: 1024px) 100vw, 1024px\" \/><\/a><\/figure>\n\n\n\n<figure class=\"wp-block-image size-large\"><a href=\"https:\/\/esm-vb.com\/wp-content\/uploads\/2025\/08\/DSC_7440-scaled.jpg\"><img loading=\"lazy\" decoding=\"async\" width=\"1024\" height=\"687\" data-id=\"5112\" src=\"https:\/\/esm-vb.com\/wp-content\/uploads\/2025\/08\/DSC_7440-1024x687.jpg\" alt=\"\" class=\"wp-image-5112\" srcset=\"https:\/\/esm-vb.com\/wp-content\/uploads\/2025\/08\/DSC_7440-1024x687.jpg 1024w, https:\/\/esm-vb.com\/wp-content\/uploads\/2025\/08\/DSC_7440-300x201.jpg 300w, https:\/\/esm-vb.com\/wp-content\/uploads\/2025\/08\/DSC_7440-768x516.jpg 768w, https:\/\/esm-vb.com\/wp-content\/uploads\/2025\/08\/DSC_7440-1536x1031.jpg 1536w, https:\/\/esm-vb.com\/wp-content\/uploads\/2025\/08\/DSC_7440-2048x1375.jpg 2048w\" sizes=\"auto, (max-width: 1024px) 100vw, 1024px\" \/><\/a><\/figure>\n\n\n\n<figure class=\"wp-block-image size-large\"><a href=\"https:\/\/esm-vb.com\/wp-content\/uploads\/2025\/08\/DSC_7370-scaled.jpg\"><img loading=\"lazy\" decoding=\"async\" width=\"1024\" height=\"687\" data-id=\"5113\" src=\"https:\/\/esm-vb.com\/wp-content\/uploads\/2025\/08\/DSC_7370-1024x687.jpg\" alt=\"\" class=\"wp-image-5113\" srcset=\"https:\/\/esm-vb.com\/wp-content\/uploads\/2025\/08\/DSC_7370-1024x687.jpg 1024w, https:\/\/esm-vb.com\/wp-content\/uploads\/2025\/08\/DSC_7370-300x201.jpg 300w, https:\/\/esm-vb.com\/wp-content\/uploads\/2025\/08\/DSC_7370-768x516.jpg 768w, https:\/\/esm-vb.com\/wp-content\/uploads\/2025\/08\/DSC_7370-1536x1031.jpg 1536w, https:\/\/esm-vb.com\/wp-content\/uploads\/2025\/08\/DSC_7370-2048x1375.jpg 2048w\" sizes=\"auto, (max-width: 1024px) 100vw, 1024px\" \/><\/a><\/figure>\n\n\n\n<figure class=\"wp-block-image size-large\"><a href=\"https:\/\/esm-vb.com\/wp-content\/uploads\/2025\/08\/WhatsApp-Image-2025-08-14-at-20.02.42.jpeg\"><img loading=\"lazy\" decoding=\"async\" width=\"1024\" height=\"771\" data-id=\"5114\" src=\"https:\/\/esm-vb.com\/wp-content\/uploads\/2025\/08\/WhatsApp-Image-2025-08-14-at-20.02.42-1024x771.jpeg\" alt=\"\" class=\"wp-image-5114\" srcset=\"https:\/\/esm-vb.com\/wp-content\/uploads\/2025\/08\/WhatsApp-Image-2025-08-14-at-20.02.42-1024x771.jpeg 1024w, https:\/\/esm-vb.com\/wp-content\/uploads\/2025\/08\/WhatsApp-Image-2025-08-14-at-20.02.42-300x226.jpeg 300w, https:\/\/esm-vb.com\/wp-content\/uploads\/2025\/08\/WhatsApp-Image-2025-08-14-at-20.02.42-768x578.jpeg 768w, https:\/\/esm-vb.com\/wp-content\/uploads\/2025\/08\/WhatsApp-Image-2025-08-14-at-20.02.42-1536x1156.jpeg 1536w, https:\/\/esm-vb.com\/wp-content\/uploads\/2025\/08\/WhatsApp-Image-2025-08-14-at-20.02.42.jpeg 1600w\" sizes=\"auto, (max-width: 1024px) 100vw, 1024px\" \/><\/a><\/figure>\n\n\n\n<figure class=\"wp-block-image size-large\"><a href=\"https:\/\/esm-vb.com\/wp-content\/uploads\/2025\/08\/WhatsApp-Image-2025-08-14-at-20.02.40.jpeg\"><img loading=\"lazy\" decoding=\"async\" width=\"771\" height=\"1024\" data-id=\"5115\" src=\"https:\/\/esm-vb.com\/wp-content\/uploads\/2025\/08\/WhatsApp-Image-2025-08-14-at-20.02.40-771x1024.jpeg\" alt=\"\" class=\"wp-image-5115\" srcset=\"https:\/\/esm-vb.com\/wp-content\/uploads\/2025\/08\/WhatsApp-Image-2025-08-14-at-20.02.40-771x1024.jpeg 771w, https:\/\/esm-vb.com\/wp-content\/uploads\/2025\/08\/WhatsApp-Image-2025-08-14-at-20.02.40-226x300.jpeg 226w, https:\/\/esm-vb.com\/wp-content\/uploads\/2025\/08\/WhatsApp-Image-2025-08-14-at-20.02.40-768x1021.jpeg 768w, https:\/\/esm-vb.com\/wp-content\/uploads\/2025\/08\/WhatsApp-Image-2025-08-14-at-20.02.40-1156x1536.jpeg 1156w, https:\/\/esm-vb.com\/wp-content\/uploads\/2025\/08\/WhatsApp-Image-2025-08-14-at-20.02.40.jpeg 1204w\" sizes=\"auto, (max-width: 771px) 100vw, 771px\" \/><\/a><\/figure>\n\n\n\n<figure class=\"wp-block-image size-large\"><a href=\"https:\/\/esm-vb.com\/wp-content\/uploads\/2025\/08\/WhatsApp-Image-2025-08-14-at-20.02.35.jpeg\"><img loading=\"lazy\" decoding=\"async\" width=\"771\" height=\"1024\" data-id=\"5116\" src=\"https:\/\/esm-vb.com\/wp-content\/uploads\/2025\/08\/WhatsApp-Image-2025-08-14-at-20.02.35-771x1024.jpeg\" alt=\"\" class=\"wp-image-5116\" srcset=\"https:\/\/esm-vb.com\/wp-content\/uploads\/2025\/08\/WhatsApp-Image-2025-08-14-at-20.02.35-771x1024.jpeg 771w, https:\/\/esm-vb.com\/wp-content\/uploads\/2025\/08\/WhatsApp-Image-2025-08-14-at-20.02.35-226x300.jpeg 226w, https:\/\/esm-vb.com\/wp-content\/uploads\/2025\/08\/WhatsApp-Image-2025-08-14-at-20.02.35-768x1021.jpeg 768w, https:\/\/esm-vb.com\/wp-content\/uploads\/2025\/08\/WhatsApp-Image-2025-08-14-at-20.02.35-1156x1536.jpeg 1156w, https:\/\/esm-vb.com\/wp-content\/uploads\/2025\/08\/WhatsApp-Image-2025-08-14-at-20.02.35.jpeg 1204w\" sizes=\"auto, (max-width: 771px) 100vw, 771px\" \/><\/a><\/figure>\n\n\n\n<figure class=\"wp-block-image size-large\"><a href=\"https:\/\/esm-vb.com\/wp-content\/uploads\/2025\/08\/WhatsApp-Image-2025-08-14-at-20.02.34.jpeg\"><img loading=\"lazy\" decoding=\"async\" width=\"1024\" height=\"771\" data-id=\"5117\" src=\"https:\/\/esm-vb.com\/wp-content\/uploads\/2025\/08\/WhatsApp-Image-2025-08-14-at-20.02.34-1024x771.jpeg\" alt=\"\" class=\"wp-image-5117\" srcset=\"https:\/\/esm-vb.com\/wp-content\/uploads\/2025\/08\/WhatsApp-Image-2025-08-14-at-20.02.34-1024x771.jpeg 1024w, https:\/\/esm-vb.com\/wp-content\/uploads\/2025\/08\/WhatsApp-Image-2025-08-14-at-20.02.34-300x226.jpeg 300w, https:\/\/esm-vb.com\/wp-content\/uploads\/2025\/08\/WhatsApp-Image-2025-08-14-at-20.02.34-768x578.jpeg 768w, https:\/\/esm-vb.com\/wp-content\/uploads\/2025\/08\/WhatsApp-Image-2025-08-14-at-20.02.34-1536x1157.jpeg 1536w, https:\/\/esm-vb.com\/wp-content\/uploads\/2025\/08\/WhatsApp-Image-2025-08-14-at-20.02.34.jpeg 2040w\" sizes=\"auto, (max-width: 1024px) 100vw, 1024px\" \/><\/a><\/figure>\n\n\n\n<figure class=\"wp-block-image size-large\"><a href=\"https:\/\/esm-vb.com\/wp-content\/uploads\/2025\/08\/WhatsApp-Image-2025-08-14-at-20.02.32.jpeg\"><img loading=\"lazy\" decoding=\"async\" width=\"771\" height=\"1024\" data-id=\"5118\" src=\"https:\/\/esm-vb.com\/wp-content\/uploads\/2025\/08\/WhatsApp-Image-2025-08-14-at-20.02.32-771x1024.jpeg\" alt=\"\" class=\"wp-image-5118\" srcset=\"https:\/\/esm-vb.com\/wp-content\/uploads\/2025\/08\/WhatsApp-Image-2025-08-14-at-20.02.32-771x1024.jpeg 771w, https:\/\/esm-vb.com\/wp-content\/uploads\/2025\/08\/WhatsApp-Image-2025-08-14-at-20.02.32-226x300.jpeg 226w, https:\/\/esm-vb.com\/wp-content\/uploads\/2025\/08\/WhatsApp-Image-2025-08-14-at-20.02.32-768x1020.jpeg 768w, https:\/\/esm-vb.com\/wp-content\/uploads\/2025\/08\/WhatsApp-Image-2025-08-14-at-20.02.32-1157x1536.jpeg 1157w, https:\/\/esm-vb.com\/wp-content\/uploads\/2025\/08\/WhatsApp-Image-2025-08-14-at-20.02.32.jpeg 1536w\" sizes=\"auto, (max-width: 771px) 100vw, 771px\" \/><\/a><\/figure>\n\n\n\n<figure class=\"wp-block-image size-large\"><a href=\"https:\/\/esm-vb.com\/wp-content\/uploads\/2025\/08\/WhatsApp-Image-2025-08-14-at-20.02.24.jpeg\"><img loading=\"lazy\" decoding=\"async\" width=\"1024\" height=\"771\" data-id=\"5119\" src=\"https:\/\/esm-vb.com\/wp-content\/uploads\/2025\/08\/WhatsApp-Image-2025-08-14-at-20.02.24-1024x771.jpeg\" alt=\"\" class=\"wp-image-5119\" srcset=\"https:\/\/esm-vb.com\/wp-content\/uploads\/2025\/08\/WhatsApp-Image-2025-08-14-at-20.02.24-1024x771.jpeg 1024w, https:\/\/esm-vb.com\/wp-content\/uploads\/2025\/08\/WhatsApp-Image-2025-08-14-at-20.02.24-300x226.jpeg 300w, https:\/\/esm-vb.com\/wp-content\/uploads\/2025\/08\/WhatsApp-Image-2025-08-14-at-20.02.24-768x578.jpeg 768w, https:\/\/esm-vb.com\/wp-content\/uploads\/2025\/08\/WhatsApp-Image-2025-08-14-at-20.02.24-1536x1156.jpeg 1536w, https:\/\/esm-vb.com\/wp-content\/uploads\/2025\/08\/WhatsApp-Image-2025-08-14-at-20.02.24.jpeg 1600w\" sizes=\"auto, (max-width: 1024px) 100vw, 1024px\" \/><\/a><\/figure>\n\n\n\n<figure class=\"wp-block-image size-large\"><a href=\"https:\/\/esm-vb.com\/wp-content\/uploads\/2025\/08\/WhatsApp-Image-2025-08-14-at-20.02.12.jpeg\"><img loading=\"lazy\" decoding=\"async\" width=\"771\" height=\"1024\" data-id=\"5120\" src=\"https:\/\/esm-vb.com\/wp-content\/uploads\/2025\/08\/WhatsApp-Image-2025-08-14-at-20.02.12-771x1024.jpeg\" alt=\"\" class=\"wp-image-5120\" srcset=\"https:\/\/esm-vb.com\/wp-content\/uploads\/2025\/08\/WhatsApp-Image-2025-08-14-at-20.02.12-771x1024.jpeg 771w, https:\/\/esm-vb.com\/wp-content\/uploads\/2025\/08\/WhatsApp-Image-2025-08-14-at-20.02.12-226x300.jpeg 226w, https:\/\/esm-vb.com\/wp-content\/uploads\/2025\/08\/WhatsApp-Image-2025-08-14-at-20.02.12-768x1021.jpeg 768w, https:\/\/esm-vb.com\/wp-content\/uploads\/2025\/08\/WhatsApp-Image-2025-08-14-at-20.02.12-1156x1536.jpeg 1156w, https:\/\/esm-vb.com\/wp-content\/uploads\/2025\/08\/WhatsApp-Image-2025-08-14-at-20.02.12.jpeg 1204w\" sizes=\"auto, (max-width: 771px) 100vw, 771px\" \/><\/a><\/figure>\n<\/figure>\n\n\n\n<p>&nbsp;<\/p>\n\n\n\n<p>\u00a0<\/p>\n\n\n\n<p>&nbsp;<\/p>\n\n\n\n<p><\/p>\n","protected":false},"excerpt":{"rendered":"<p>Cet \u00e9v\u00e9nement \u00e9tait voulu par les membres du bureau depuis de nombreuses ann\u00e9es mais n&rsquo;avait pas r\u00e9ussi \u00e0 aboutir, principalement \u00e0 cause des difficult\u00e9s dans l&rsquo;organisation avec les services de la mairie (lieu et date de la manifestation non compatibles avec les besoins d&rsquo;un tel tournoi). Un accord ayant pu \u00eatre trouv\u00e9, les membres du<\/p>\n<div class=\"read-more\"><a href=\"https:\/\/esm-vb.com\/?page_id=170\" title=\"Read More\">Read More<\/a><\/div>\n","protected":false},"author":1,"featured_media":0,"parent":64,"menu_order":0,"comment_status":"closed","ping_status":"open","template":"","meta":{"_exactmetrics_skip_tracking":false,"_exactmetrics_sitenote_active":false,"_exactmetrics_sitenote_note":"","_exactmetrics_sitenote_category":0,"footnotes":""},"class_list":["post-170","page","type-page","status-publish"],"_links":{"self":[{"href":"https:\/\/esm-vb.com\/index.php?rest_route=\/wp\/v2\/pages\/170","targetHints":{"allow":["GET"]}}],"collection":[{"href":"https:\/\/esm-vb.com\/index.php?rest_route=\/wp\/v2\/pages"}],"about":[{"href":"https:\/\/esm-vb.com\/index.php?rest_route=\/wp\/v2\/types\/page"}],"author":[{"embeddable":true,"href":"https:\/\/esm-vb.com\/index.php?rest_route=\/wp\/v2\/users\/1"}],"replies":[{"embeddable":true,"href":"https:\/\/esm-vb.com\/index.php?rest_route=%2Fwp%2Fv2%2Fcomments&post=170"}],"version-history":[{"count":8,"href":"https:\/\/esm-vb.com\/index.php?rest_route=\/wp\/v2\/pages\/170\/revisions"}],"predecessor-version":[{"id":5121,"href":"https:\/\/esm-vb.com\/index.php?rest_route=\/wp\/v2\/pages\/170\/revisions\/5121"}],"up":[{"embeddable":true,"href":"https:\/\/esm-vb.com\/index.php?rest_route=\/wp\/v2\/pages\/64"}],"wp:attachment":[{"href":"https:\/\/esm-vb.com\/index.php?rest_route=%2Fwp%2Fv2%2Fmedia&parent=170"}],"curies":[{"name":"wp","href":"https:\/\/api.w.org\/{rel}","templated":true}]}}