{"id":148,"date":"2015-05-20T23:42:16","date_gmt":"2015-05-20T23:42:16","guid":{"rendered":"http:\/\/esm-volley.fr\/wordpress\/?page_id=148"},"modified":"2025-08-14T19:16:43","modified_gmt":"2025-08-14T17:16:43","slug":"les-gymnases","status":"publish","type":"page","link":"https:\/\/esm-vb.com\/?page_id=148","title":{"rendered":"Les Gymnases de Massy"},"content":{"rendered":"<p>Le club dispose d&rsquo;un acc\u00e8s privil\u00e9gi\u00e9 \u00e0 quatre gymnases :<\/p>\n<ul>\n<li><a href=\"?page_id=104\"><strong>Le Gymnase Jean Moulin<\/strong><\/a><\/li>\n<li><a href=\"?page_id=117\"><strong>Le Gymnase de Vilg\u00e9nis<\/strong><\/a><\/li>\n<li><a href=\"?page_id=141\"><strong>Le Gymnase Descartes<\/strong><\/a><\/li>\n<li><strong><a href=\"https:\/\/share.google\/578zSlDymgCAPY278\">Le Gymnase Camus\u00a0<\/a><\/strong><\/li>\n<\/ul>\n","protected":false},"excerpt":{"rendered":"<p>Le club dispose d&rsquo;un acc\u00e8s privil\u00e9gi\u00e9 \u00e0 quatre gymnases : Le Gymnase Jean Moulin Le Gymnase de Vilg\u00e9nis Le Gymnase Descartes Le Gymnase Camus\u00a0<\/p>\n","protected":false},"author":1,"featured_media":0,"parent":0,"menu_order":0,"comment_status":"closed","ping_status":"open","template":"","meta":{"_exactmetrics_skip_tracking":false,"_exactmetrics_sitenote_active":false,"_exactmetrics_sitenote_note":"","_exactmetrics_sitenote_category":0,"footnotes":""},"class_list":["post-148","page","type-page","status-publish"],"_links":{"self":[{"href":"https:\/\/esm-vb.com\/index.php?rest_route=\/wp\/v2\/pages\/148","targetHints":{"allow":["GET"]}}],"collection":[{"href":"https:\/\/esm-vb.com\/index.php?rest_route=\/wp\/v2\/pages"}],"about":[{"href":"https:\/\/esm-vb.com\/index.php?rest_route=\/wp\/v2\/types\/page"}],"author":[{"embeddable":true,"href":"https:\/\/esm-vb.com\/index.php?rest_route=\/wp\/v2\/users\/1"}],"replies":[{"embeddable":true,"href":"https:\/\/esm-vb.com\/index.php?rest_route=%2Fwp%2Fv2%2Fcomments&post=148"}],"version-history":[{"count":8,"href":"https:\/\/esm-vb.com\/index.php?rest_route=\/wp\/v2\/pages\/148\/revisions"}],"predecessor-version":[{"id":5071,"href":"https:\/\/esm-vb.com\/index.php?rest_route=\/wp\/v2\/pages\/148\/revisions\/5071"}],"wp:attachment":[{"href":"https:\/\/esm-vb.com\/index.php?rest_route=%2Fwp%2Fv2%2Fmedia&parent=148"}],"curies":[{"name":"wp","href":"https:\/\/api.w.org\/{rel}","templated":true}]}}